{"id":20357,"date":"2025-10-24T20:27:13","date_gmt":"2025-10-25T00:27:13","guid":{"rendered":"http:\/\/186.121.201.150\/gobbo\/wordpress\/?post_type=servidor_publico&#038;p=20357"},"modified":"2026-01-12T01:16:29","modified_gmt":"2026-01-12T05:16:29","slug":"jose-oscar-perez-balderrama","status":"publish","type":"servidor_publico","link":"https:\/\/mintrabajo.gob.bo\/index.php\/servidor_publico\/jose-oscar-perez-balderrama\/","title":{"rendered":"T\u00c9CNICO DE PROMOCI\u00d3N Y CAPACITACI\u00d3N A COOPERATIVAS"},"featured_media":0,"template":"","meta":{"_acf_changed":false},"class_list":["post-20357","servidor_publico","type-servidor_publico","status-publish","hentry"],"acf":[],"_links":{"self":[{"href":"https:\/\/mintrabajo.gob.bo\/index.php\/wp-json\/wp\/v2\/servidor_publico\/20357","targetHints":{"allow":["GET"]}}],"collection":[{"href":"https:\/\/mintrabajo.gob.bo\/index.php\/wp-json\/wp\/v2\/servidor_publico"}],"about":[{"href":"https:\/\/mintrabajo.gob.bo\/index.php\/wp-json\/wp\/v2\/types\/servidor_publico"}],"wp:attachment":[{"href":"https:\/\/mintrabajo.gob.bo\/index.php\/wp-json\/wp\/v2\/media?parent=20357"}],"curies":[{"name":"wp","href":"https:\/\/api.w.org\/{rel}","templated":true}]}}

TÉCNICO DE PROMOCIÓN Y CAPACITACIÓN A COOPERATIVAS
