{"id":20352,"date":"2025-10-24T20:25:00","date_gmt":"2025-10-25T00:25:00","guid":{"rendered":"http:\/\/186.121.201.150\/gobbo\/wordpress\/?post_type=servidor_publico&#038;p=20352"},"modified":"2026-01-12T01:12:15","modified_gmt":"2026-01-12T05:12:15","slug":"luis-durval-garcia-rospigliosi","status":"publish","type":"servidor_publico","link":"https:\/\/mintrabajo.gob.bo\/index.php\/servidor_publico\/luis-durval-garcia-rospigliosi\/","title":{"rendered":"DIRECTOR GENERAL DE POL\u00cdTICAS P\u00daBLICAS, FOMENTO, PROTECCI\u00d3N Y PROMOCI\u00d3N COOPERATIVA"},"featured_media":0,"template":"","meta":{"_acf_changed":false},"class_list":["post-20352","servidor_publico","type-servidor_publico","status-publish","hentry"],"acf":[],"_links":{"self":[{"href":"https:\/\/mintrabajo.gob.bo\/index.php\/wp-json\/wp\/v2\/servidor_publico\/20352","targetHints":{"allow":["GET"]}}],"collection":[{"href":"https:\/\/mintrabajo.gob.bo\/index.php\/wp-json\/wp\/v2\/servidor_publico"}],"about":[{"href":"https:\/\/mintrabajo.gob.bo\/index.php\/wp-json\/wp\/v2\/types\/servidor_publico"}],"wp:attachment":[{"href":"https:\/\/mintrabajo.gob.bo\/index.php\/wp-json\/wp\/v2\/media?parent=20352"}],"curies":[{"name":"wp","href":"https:\/\/api.w.org\/{rel}","templated":true}]}}

DIRECTOR GENERAL DE POLÍTICAS PÚBLICAS, FOMENTO, PROTECCIÓN Y PROMOCIÓN COOPERATIVA
