{"id":20274,"date":"2025-10-24T18:11:19","date_gmt":"2025-10-24T22:11:19","guid":{"rendered":"http:\/\/186.121.201.150\/gobbo\/wordpress\/?post_type=servidor_publico&#038;p=20274"},"modified":"2026-01-12T00:33:30","modified_gmt":"2026-01-12T04:33:30","slug":"fernando-felix-vera-bustillos","status":"publish","type":"servidor_publico","link":"https:\/\/mintrabajo.gob.bo\/index.php\/servidor_publico\/fernando-felix-vera-bustillos\/","title":{"rendered":"T\u00c9CNICO DE POL\u00cdTICAS DE PREVISI\u00d3N SOCIAL"},"featured_media":0,"template":"","meta":{"_acf_changed":false},"class_list":["post-20274","servidor_publico","type-servidor_publico","status-publish","hentry"],"acf":[],"_links":{"self":[{"href":"https:\/\/mintrabajo.gob.bo\/index.php\/wp-json\/wp\/v2\/servidor_publico\/20274","targetHints":{"allow":["GET"]}}],"collection":[{"href":"https:\/\/mintrabajo.gob.bo\/index.php\/wp-json\/wp\/v2\/servidor_publico"}],"about":[{"href":"https:\/\/mintrabajo.gob.bo\/index.php\/wp-json\/wp\/v2\/types\/servidor_publico"}],"wp:attachment":[{"href":"https:\/\/mintrabajo.gob.bo\/index.php\/wp-json\/wp\/v2\/media?parent=20274"}],"curies":[{"name":"wp","href":"https:\/\/api.w.org\/{rel}","templated":true}]}}

TÉCNICO DE POLÍTICAS DE PREVISIÓN SOCIAL
