{"id":19920,"date":"2025-10-24T16:04:24","date_gmt":"2025-10-24T20:04:24","guid":{"rendered":"http:\/\/186.121.201.150\/gobbo\/wordpress\/?post_type=servidor_publico&#038;p=19920"},"modified":"2026-01-09T15:09:56","modified_gmt":"2026-01-09T19:09:56","slug":"edwin-callisaya-averanga","status":"publish","type":"servidor_publico","link":"https:\/\/mintrabajo.gob.bo\/index.php\/servidor_publico\/edwin-callisaya-averanga\/","title":{"rendered":"T\u00c9CNICO DE COMUNICACI\u00d3N Y PRODUCCI\u00d3N AUDIOVISUAL"},"featured_media":0,"template":"","meta":{"_acf_changed":false},"class_list":["post-19920","servidor_publico","type-servidor_publico","status-publish","hentry"],"acf":[],"_links":{"self":[{"href":"https:\/\/mintrabajo.gob.bo\/index.php\/wp-json\/wp\/v2\/servidor_publico\/19920","targetHints":{"allow":["GET"]}}],"collection":[{"href":"https:\/\/mintrabajo.gob.bo\/index.php\/wp-json\/wp\/v2\/servidor_publico"}],"about":[{"href":"https:\/\/mintrabajo.gob.bo\/index.php\/wp-json\/wp\/v2\/types\/servidor_publico"}],"wp:attachment":[{"href":"https:\/\/mintrabajo.gob.bo\/index.php\/wp-json\/wp\/v2\/media?parent=19920"}],"curies":[{"name":"wp","href":"https:\/\/api.w.org\/{rel}","templated":true}]}}

TÉCNICO DE COMUNICACIÓN Y PRODUCCIÓN AUDIOVISUAL
